{"id":1109,"date":"2025-06-20T03:36:45","date_gmt":"2025-06-20T03:36:45","guid":{"rendered":"https:\/\/bgstaem.edu.vn\/?page_id=1109"},"modified":"2025-06-26T01:20:47","modified_gmt":"2025-06-26T01:20:47","slug":"khoa-hoc-he-dac-biet","status":"publish","type":"page","link":"https:\/\/bgsteam.edu.vn\/?page_id=1109","title":{"rendered":"KH\u00d3A H\u1eccC H\u00c8 \u0110\u1eb6C BI\u1ec6T"},"content":{"rendered":"\t<section class=\"section\" id=\"section_202420185\">\n\t\t<div class=\"bg section-bg fill bg-fill  \" >\n\n\t\t\t\n\t\t\t<div class=\"section-bg-overlay absolute fill\"><\/div>\n\t\t\t\n\n\t\t<\/div>\n\n\t\t\n\n\t\t<div class=\"section-content relative\">\n\t\t\t\n<div class=\"row\"  id=\"row-754020488\">\n\n\t<div id=\"col-722737157\" class=\"col small-12 large-12\"  >\n\t\t\t\t<div class=\"col-inner\"  >\n\t\t\t\n\t\t\t\n\t<div id=\"text-1945569241\" class=\"text\">\n\t\t\n<p><span style=\"font-size: 130%; font-family: tahoma, arial, helvetica, sans-serif;\"><strong>Khai gi\u1ea3ng l\u1edbp \u0110\u1eccC S\u00c1CH NHANH &#8211; V\u1ebc S\u01a0 \u0110\u1ed2 T\u01af DUY<\/strong><\/span><\/p>\n\t\t\n<style>\n#text-1945569241 {\n  color: rgb(255, 255, 255);\n}\n#text-1945569241 > * {\n  color: rgb(255, 255, 255);\n}\n<\/style>\n\t<\/div>\n\t\n\t\t<\/div>\n\t\t\t\t\t<\/div>\n\n\t\n<\/div>\n\t\t<\/div>\n\n\t\t\n<style>\n#section_202420185 {\n  padding-top: 50px;\n  padding-bottom: 50px;\n}\n#section_202420185 .section-bg-overlay {\n  background-color: rgba(43, 27, 27, 0.366);\n}\n#section_202420185 .section-bg.bg-loaded {\n  background-image: url(https:\/\/bgsteam.edu.vn\/wp-content\/uploads\/2025\/05\/\u2014Pngtree\u2014ai-robot-in-human-hands_16504176-scaled.png);\n}\n<\/style>\n\t<\/section>\n\t\n<div class=\"row\"  id=\"row-852698896\">\n\n\t<div id=\"col-1441409865\" class=\"col small-12 large-12\"  >\n\t\t\t\t<div class=\"col-inner\"  >\n\t\t\t\n\t\t\t\n<div class=\"container section-title-container\" ><h3 class=\"section-title section-title-center\"><b><\/b><span class=\"section-title-main\" style=\"font-size:115%;color:rgb(3, 81, 158);\">TH\u00d4NG TIN KH\u00d3A H\u1eccC<\/span><b><\/b><\/h3><\/div>\n\t<section class=\"section\" id=\"section_533949197\">\n\t\t<div class=\"bg section-bg fill bg-fill  bg-loaded\" >\n\n\t\t\t\n\t\t\t\n\t\t\t\n\n\t\t<\/div>\n\n\t\t\n\n\t\t<div class=\"section-content relative\">\n\t\t\t\n\t<div class=\"img has-hover x md-x lg-x y md-y lg-y\" id=\"image_1654028031\">\n\t\t\t\t\t\t\t\t<div class=\"img-inner dark\" >\n\t\t\t<img loading=\"lazy\" decoding=\"async\" width=\"1020\" height=\"648\" src=\"https:\/\/bgsteam.edu.vn\/wp-content\/uploads\/2025\/06\/123-1259x800.png\" class=\"attachment-large size-large\" alt=\"\" srcset=\"https:\/\/bgsteam.edu.vn\/wp-content\/uploads\/2025\/06\/123-1259x800.png 1259w, https:\/\/bgsteam.edu.vn\/wp-content\/uploads\/2025\/06\/123-630x400.png 630w, https:\/\/bgsteam.edu.vn\/wp-content\/uploads\/2025\/06\/123-768x488.png 768w, https:\/\/bgsteam.edu.vn\/wp-content\/uploads\/2025\/06\/123-1536x976.png 1536w, https:\/\/bgsteam.edu.vn\/wp-content\/uploads\/2025\/06\/123-600x381.png 600w, https:\/\/bgsteam.edu.vn\/wp-content\/uploads\/2025\/06\/123.png 1700w\" sizes=\"auto, (max-width: 1020px) 100vw, 1020px\" \/>\t\t\t\t\t\t\n\t\t\t\t\t<\/div>\n\t\t\t\t\t\t\t\t\n<style>\n#image_1654028031 {\n  width: 100%;\n}\n<\/style>\n\t<\/div>\n\t\n<div class=\"row\"  id=\"row-1744452804\">\n\n\t<div id=\"col-540189952\" class=\"col small-12 large-12\"  >\n\t\t\t\t<div class=\"col-inner\"  >\n\t\t\t\n\t\t\t\n<div><span style=\"color: #000000; font-size: 110%; font-family: 'times new roman', times, serif;\">\ud83c\udf89 TUY\u1ec2N SINH L\u1edaP H\u1eccC \u0110\u1eb6C BI\u1ec6T H\u00c8 2025 \ud83c\udf89<\/span><\/div>\n<div><span style=\"color: #000000; font-size: 110%; font-family: 'times new roman', times, serif;\">\ud83d\udcda \u0110\u1eccC S\u00c1CH NHANH \u2013 V\u1ebc S\u01a0 \u0110\u1ed2 T\u01af DUY<\/span><\/div>\n<div><span style=\"color: #000000; font-size: 110%; font-family: 'times new roman', times, serif;\">\ud83d\udc49 D\u00e0nh cho h\u1ecdc sinh t\u1eeb l\u1edbp 3 \u0111\u1ebfn l\u1edbp 12<\/span><\/div>\n<div><span style=\"color: #000000; font-size: 110%; font-family: 'times new roman', times, serif;\">\ud83d\udc49 H\u1ecdc tr\u1ef1c ti\u1ebfp ho\u1eb7c online, ph\u00f9 h\u1ee3p v\u1edbi m\u1ecdi nhu c\u1ea7u<\/span><\/div>\n<div><span style=\"color: #000000; font-size: 110%; font-family: 'times new roman', times, serif;\">\ud83d\udca1 L\u1ee2I \u00cdCH KH\u00d3A H\u1eccC<\/span><\/div>\n<div><span style=\"color: #000000; font-size: 110%; font-family: 'times new roman', times, serif;\">\u2705 \u0110\u1ecdc s\u00e1ch nhanh: N\u00e2ng cao t\u1ed1c \u0111\u1ed9 \u0111\u1ecdc \u2013 Hi\u1ec3u s\u00e2u \u2013 Ti\u1ebft ki\u1ec7m th\u1eddi gian<\/span><\/div>\n<div><span style=\"color: #000000; font-size: 110%; font-family: 'times new roman', times, serif;\">\u2705 S\u01a1 \u0111\u1ed3 t\u01b0 duy: D\u1ec5 v\u1ebd \u2013 Ph\u00e1t tri\u1ec3n t\u01b0 duy, s\u00e1ng t\u1ea1o \u2013 H\u1ecdc t\u1eadp th\u00f4ng minh, hi\u1ec7u qu\u1ea3<\/span><\/div>\n<div><span style=\"color: #000000; font-size: 110%; font-family: 'times new roman', times, serif;\">\ud83d\udc69\u200d\ud83c\udfeb Gi\u1ea3ng vi\u00ean: C\u00f4 Nguy\u1ec5n Th\u1ecb Thu Th\u1ee7y<\/span><\/div>\n<div><span style=\"color: #000000; font-size: 110%; font-family: 'times new roman', times, serif;\">Chuy\u00ean gia \u0111\u00e0o t\u1ea1o v\u1edbi ch\u1ee9ng ch\u1ec9 qu\u1ed1c t\u1ebf \u2013 Gi\u00e0u kinh nghi\u1ec7m \u2013 Truy\u1ec1n c\u1ea3m h\u1ee9ng v\u00e0 t\u1ea1o \u0111\u1ed9ng l\u1ef1c h\u1ecdc t\u1eadp<\/span><\/div>\n<div><span style=\"color: #000000; font-size: 110%; font-family: 'times new roman', times, serif;\">\ud83d\udd52 L\u1ecaCH KHAI GI\u1ea2NG &amp; TH\u1edcI GIAN H\u1eccC<\/span><\/div>\n<div><span style=\"color: #000000; font-size: 110%; font-family: 'times new roman', times, serif;\">\ud83d\udccd H\u1ecdc tr\u1ef1c ti\u1ebfp: 8h00 \u2013 10h30, Th\u1ee9 2,4,6. Khai gi\u1ea3ng: 23\/6\/2025<\/span><\/div>\n<div><span style=\"color: #000000; font-size: 110%; font-family: 'times new roman', times, serif;\">\ud83d\udcbb H\u1ecdc online: 19h30-21h30, Th\u1ee9 2,4,6. Khai gi\u1ea3ng: 23\/06\/2025<\/span><\/div>\n<div><span style=\"color: #000000; font-size: 110%; font-family: 'times new roman', times, serif;\">\ud83d\udcb0 H\u1eccC PH\u00cd<\/span><\/div>\n<div><span style=\"color: #000000; font-size: 110%; font-family: 'times new roman', times, serif;\">\u2022 Tr\u1ef1c ti\u1ebfp: 1.250.000\u0111 \/ kho\u00e1 10 bu\u1ed5i<\/span><\/div>\n<div><span style=\"color: #000000; font-size: 110%; font-family: 'times new roman', times, serif;\">\u2022 Online: 1.000.000\u0111 \/ kho\u00e1 10 bu\u1ed5i<\/span><\/div>\n<div><span style=\"color: #000000; font-size: 110%; font-family: 'times new roman', times, serif;\">\ud83c\udf81 \u01afU \u0110\u00c3I \u0110\u1eb6C BI\u1ec6T<\/span><\/div>\n<div><span style=\"color: #000000; font-size: 110%; font-family: 'times new roman', times, serif;\">\ud83c\udf1f Nh\u00f3m 5 b\u1ea1n: gi\u1ea3m 15%<\/span><\/div>\n<div><span style=\"color: #000000; font-size: 110%; font-family: 'times new roman', times, serif;\">\ud83c\udf1f Nh\u00f3m 3 b\u1ea1n: gi\u1ea3m 10%<\/span><\/div>\n<div><span style=\"color: #000000; font-size: 110%; font-family: 'times new roman', times, serif;\">\ud83c\udf1f \u0110\u0103ng k\u00fd trong th\u00e1ng 6: gi\u1ea3m th\u00eam 5%<\/span><\/div>\n<div><span style=\"color: #000000; font-size: 110%; font-family: 'times new roman', times, serif;\">H\u1ec6 SINH TH\u00c1I GI\u00c1O D\u1ee4C BG STEAM\u00a0<\/span><\/div>\n<div><span style=\"color: #000000; font-size: 110%; font-family: 'times new roman', times, serif;\">\u00a0Hotline: 0984911023\/ zalo: 0886187293<\/span><\/div>\n<div><span style=\"color: #000000; font-size: 110%; font-family: 'times new roman', times, serif;\">\u00a0Email: bgsteam2024@gmail.com<\/span><\/div>\n<div><span style=\"color: #000000; font-size: 110%; font-family: 'times new roman', times, serif;\">\u00a0Fanpage: https:\/\/www.facebook.com\/CLBLAPTRINHLEGO<\/span><\/div>\n<div><span style=\"color: #000000; font-size: 110%; font-family: 'times new roman', times, serif;\">\u00a0Add: S\u1ed1 68, L\u00ea H\u1ed3ng Phong<\/span><\/div>\n\t\t<\/div>\n\t\t\t\t\t<\/div>\n\n\t\n<\/div>\n\t\t<\/div>\n\n\t\t\n<style>\n#section_533949197 {\n  padding-top: 30px;\n  padding-bottom: 30px;\n}\n<\/style>\n\t<\/section>\n\t\n\t\t<\/div>\n\t\t\t\t\t<\/div>\n\n\t\n<\/div>\n","protected":false},"excerpt":{"rendered":"","protected":false},"author":1,"featured_media":0,"parent":0,"menu_order":0,"comment_status":"closed","ping_status":"closed","template":"","meta":{"footnotes":""},"class_list":["post-1109","page","type-page","status-publish","hentry"],"yoast_head":"<!-- This site is optimized with the Yoast SEO plugin v25.0 - https:\/\/yoast.com\/wordpress\/plugins\/seo\/ -->\n<title>KH\u00d3A H\u1eccC H\u00c8 \u0110\u1eb6C BI\u1ec6T - C\u00f4ng ty TNHH ph\u00e1t tri\u1ec3n c\u00f4ng ngh\u1ec7 gi\u00e1o d\u1ee5c BG STEAM<\/title>\n<meta name=\"robots\" content=\"index, follow, max-snippet:-1, max-image-preview:large, max-video-preview:-1\" \/>\n<link rel=\"canonical\" href=\"https:\/\/bgsteam.edu.vn\/?page_id=1109\" \/>\n<meta property=\"og:locale\" content=\"vi_VN\" \/>\n<meta property=\"og:type\" content=\"article\" \/>\n<meta property=\"og:title\" content=\"KH\u00d3A H\u1eccC H\u00c8 \u0110\u1eb6C BI\u1ec6T - C\u00f4ng ty TNHH ph\u00e1t tri\u1ec3n c\u00f4ng ngh\u1ec7 gi\u00e1o d\u1ee5c BG STEAM\" \/>\n<meta property=\"og:url\" content=\"https:\/\/bgsteam.edu.vn\/?page_id=1109\" \/>\n<meta property=\"og:site_name\" content=\"C\u00f4ng ty TNHH ph\u00e1t tri\u1ec3n c\u00f4ng ngh\u1ec7 gi\u00e1o d\u1ee5c BG STEAM\" \/>\n<meta property=\"article:publisher\" content=\"https:\/\/www.facebook.com\/HeSinhThaiGiaoDucBGSTEAM\" \/>\n<meta property=\"article:modified_time\" content=\"2025-06-26T01:20:47+00:00\" \/>\n<meta name=\"twitter:card\" content=\"summary_large_image\" \/>\n<script type=\"application\/ld+json\" class=\"yoast-schema-graph\">{\"@context\":\"https:\/\/schema.org\",\"@graph\":[{\"@type\":\"WebPage\",\"@id\":\"https:\/\/bgsteam.edu.vn\/?page_id=1109\",\"url\":\"https:\/\/bgsteam.edu.vn\/?page_id=1109\",\"name\":\"KH\u00d3A H\u1eccC H\u00c8 \u0110\u1eb6C BI\u1ec6T - C\u00f4ng ty TNHH ph\u00e1t tri\u1ec3n c\u00f4ng ngh\u1ec7 gi\u00e1o d\u1ee5c BG STEAM\",\"isPartOf\":{\"@id\":\"https:\/\/bgsteam.edu.vn\/#website\"},\"datePublished\":\"2025-06-20T03:36:45+00:00\",\"dateModified\":\"2025-06-26T01:20:47+00:00\",\"breadcrumb\":{\"@id\":\"https:\/\/bgsteam.edu.vn\/?page_id=1109#breadcrumb\"},\"inLanguage\":\"vi\",\"potentialAction\":[{\"@type\":\"ReadAction\",\"target\":[\"https:\/\/bgsteam.edu.vn\/?page_id=1109\"]}]},{\"@type\":\"BreadcrumbList\",\"@id\":\"https:\/\/bgsteam.edu.vn\/?page_id=1109#breadcrumb\",\"itemListElement\":[{\"@type\":\"ListItem\",\"position\":1,\"name\":\"Trang ch\u1ee7\",\"item\":\"https:\/\/bgsteam.edu.vn\/\"},{\"@type\":\"ListItem\",\"position\":2,\"name\":\"KH\u00d3A H\u1eccC H\u00c8 \u0110\u1eb6C BI\u1ec6T\"}]},{\"@type\":\"WebSite\",\"@id\":\"https:\/\/bgsteam.edu.vn\/#website\",\"url\":\"https:\/\/bgsteam.edu.vn\/\",\"name\":\"C\u00f4ng ty TNHH ph\u00e1t tri\u1ec3n c\u00f4ng ngh\u1ec7 gi\u00e1o d\u1ee5c BG STEAM\",\"description\":\"\",\"potentialAction\":[{\"@type\":\"SearchAction\",\"target\":{\"@type\":\"EntryPoint\",\"urlTemplate\":\"https:\/\/bgsteam.edu.vn\/?s={search_term_string}\"},\"query-input\":{\"@type\":\"PropertyValueSpecification\",\"valueRequired\":true,\"valueName\":\"search_term_string\"}}],\"inLanguage\":\"vi\"}]}<\/script>\n<!-- \/ Yoast SEO plugin. -->","yoast_head_json":{"title":"KH\u00d3A H\u1eccC H\u00c8 \u0110\u1eb6C BI\u1ec6T - C\u00f4ng ty TNHH ph\u00e1t tri\u1ec3n c\u00f4ng ngh\u1ec7 gi\u00e1o d\u1ee5c BG STEAM","robots":{"index":"index","follow":"follow","max-snippet":"max-snippet:-1","max-image-preview":"max-image-preview:large","max-video-preview":"max-video-preview:-1"},"canonical":"https:\/\/bgsteam.edu.vn\/?page_id=1109","og_locale":"vi_VN","og_type":"article","og_title":"KH\u00d3A H\u1eccC H\u00c8 \u0110\u1eb6C BI\u1ec6T - C\u00f4ng ty TNHH ph\u00e1t tri\u1ec3n c\u00f4ng ngh\u1ec7 gi\u00e1o d\u1ee5c BG STEAM","og_url":"https:\/\/bgsteam.edu.vn\/?page_id=1109","og_site_name":"C\u00f4ng ty TNHH ph\u00e1t tri\u1ec3n c\u00f4ng ngh\u1ec7 gi\u00e1o d\u1ee5c BG STEAM","article_publisher":"https:\/\/www.facebook.com\/HeSinhThaiGiaoDucBGSTEAM","article_modified_time":"2025-06-26T01:20:47+00:00","twitter_card":"summary_large_image","schema":{"@context":"https:\/\/schema.org","@graph":[{"@type":"WebPage","@id":"https:\/\/bgsteam.edu.vn\/?page_id=1109","url":"https:\/\/bgsteam.edu.vn\/?page_id=1109","name":"KH\u00d3A H\u1eccC H\u00c8 \u0110\u1eb6C BI\u1ec6T - C\u00f4ng ty TNHH ph\u00e1t tri\u1ec3n c\u00f4ng ngh\u1ec7 gi\u00e1o d\u1ee5c BG STEAM","isPartOf":{"@id":"https:\/\/bgsteam.edu.vn\/#website"},"datePublished":"2025-06-20T03:36:45+00:00","dateModified":"2025-06-26T01:20:47+00:00","breadcrumb":{"@id":"https:\/\/bgsteam.edu.vn\/?page_id=1109#breadcrumb"},"inLanguage":"vi","potentialAction":[{"@type":"ReadAction","target":["https:\/\/bgsteam.edu.vn\/?page_id=1109"]}]},{"@type":"BreadcrumbList","@id":"https:\/\/bgsteam.edu.vn\/?page_id=1109#breadcrumb","itemListElement":[{"@type":"ListItem","position":1,"name":"Trang ch\u1ee7","item":"https:\/\/bgsteam.edu.vn\/"},{"@type":"ListItem","position":2,"name":"KH\u00d3A H\u1eccC H\u00c8 \u0110\u1eb6C BI\u1ec6T"}]},{"@type":"WebSite","@id":"https:\/\/bgsteam.edu.vn\/#website","url":"https:\/\/bgsteam.edu.vn\/","name":"C\u00f4ng ty TNHH ph\u00e1t tri\u1ec3n c\u00f4ng ngh\u1ec7 gi\u00e1o d\u1ee5c BG STEAM","description":"","potentialAction":[{"@type":"SearchAction","target":{"@type":"EntryPoint","urlTemplate":"https:\/\/bgsteam.edu.vn\/?s={search_term_string}"},"query-input":{"@type":"PropertyValueSpecification","valueRequired":true,"valueName":"search_term_string"}}],"inLanguage":"vi"}]}},"_links":{"self":[{"href":"https:\/\/bgsteam.edu.vn\/index.php?rest_route=\/wp\/v2\/pages\/1109","targetHints":{"allow":["GET"]}}],"collection":[{"href":"https:\/\/bgsteam.edu.vn\/index.php?rest_route=\/wp\/v2\/pages"}],"about":[{"href":"https:\/\/bgsteam.edu.vn\/index.php?rest_route=\/wp\/v2\/types\/page"}],"author":[{"embeddable":true,"href":"https:\/\/bgsteam.edu.vn\/index.php?rest_route=\/wp\/v2\/users\/1"}],"replies":[{"embeddable":true,"href":"https:\/\/bgsteam.edu.vn\/index.php?rest_route=%2Fwp%2Fv2%2Fcomments&post=1109"}],"version-history":[{"count":10,"href":"https:\/\/bgsteam.edu.vn\/index.php?rest_route=\/wp\/v2\/pages\/1109\/revisions"}],"predecessor-version":[{"id":1121,"href":"https:\/\/bgsteam.edu.vn\/index.php?rest_route=\/wp\/v2\/pages\/1109\/revisions\/1121"}],"wp:attachment":[{"href":"https:\/\/bgsteam.edu.vn\/index.php?rest_route=%2Fwp%2Fv2%2Fmedia&parent=1109"}],"curies":[{"name":"wp","href":"https:\/\/api.w.org\/{rel}","templated":true}]}}